23
Calculate the highest common factor of 10775 and 225.
25
Calculate the greatest common factor of 613344 and 96.
96
Calculate the highest common divisor of 2550 and 450.
150
What is the highest common factor of 2970 and 51138?
54
What is the highest common factor of 25550 and 21?
7
Calculate the highest common factor of 232350 and 100.
50
What is the highest common divisor of 216 and 41364?
108
What is the highest common factor of 141 and 4559?
47
Calculate the greatest common divisor of 40 and 40460.
20
Calculate the highest common factor of 12532 and 676.
52
What is the greatest common factor of 375 and 77475?
75
What is the highest common divisor of 59895 and 110?
55
Calculate the greatest common divisor of 5 and 732365.
5
What is the greatest common divisor of 610 and 2872978?
122
What is the highest common divisor of 7979 and 8848?
79
Calculate the greatest common factor of 5607 and 3500.
7
What is the greatest common factor of 38394 and 25758?
486
What is the highest common factor of 816 and 1428?
204
Calculate the greatest common divisor of 167 and 6423655.
167
Calculate the highest common factor of 3703 and 26726.
161
What is the highest common divisor of 5 and 5899955?
5
Calculate the highest common factor of 248 and 4712.
248
What is the greatest common divisor of 573088 and 32?
32
What is the greatest common factor of 492 and 16072?
164
What is the highest common divisor of 341362 and 37?
37
What is the highest common divisor of 4 and 163450?
2
What is the greatest common factor of 175023 and 144?
9
What is the highest common factor of 1428 and 672945?
357
Calculate the highest common divisor of 4 and 14906.
2
Calculate the highest common factor of 29850 and 960.
30
Calculate the greatest common divisor of 4497 and 39.
3
What is the highest common divisor of 1027 and 632?
79
Calculate the greatest common factor of 1965 and 8985.
15
What is the greatest common divisor of 4398 and 162?
6
What is the highest common factor of 785 and 5878080?
785
Calculate the highest common factor of 3686 and 85069.
97
Calculate the highest common divisor of 945 and 222705.
315
What is the greatest common divisor of 20600 and 160?
40
What is the highest common factor of 343 and 294?
49
Calculate the highest common factor of 7644 and 1716.
156
Calculate the highest common divisor of 21 and 2198266.
7
Calculate the greatest common divisor of 109564 and 2795.
559
Calculate the highest common divisor of 10710 and 10540.
170
What is the greatest common divisor of 126 and 4657266?
18
What is the highest common divisor of 164 and 43378?
82
What is the highest common divisor of 72718 and 412?
206
What is the greatest common divisor of 940 and 56590?
10
What is the highest common factor of 44783 and 19?
19
Calculate the greatest common divisor of 52 and 2948.
4
Calculate the greatest common factor of 117434 and 284.
142
Calculate the highest common factor of 44 and 707036.
44
Calculate the greatest common divisor of 401884 and 24076.
1852
Calculate the highest common factor of 15120 and 106785.
945
What is the greatest common divisor of 688186 and 326?
326
What is the greatest common divisor of 22442 and 3969?
49
What is the highest common divisor of 2 and 34642?
2
What is the highest common factor of 19 and 15737?
1
Calculate the highest common divisor of 558 and 1992.
6
Calculate the greatest common factor of 1352 and 1144.
104
What is the highest common divisor of 1764 and 14868?
252
What is the highest common factor of 93098 and 2?
2
Calculate the highest common divisor of 164 and 2989433.
41
What is the highest common divisor of 731070 and 720?
90
What is the highest common divisor of 64216 and 6282?
698
What is the greatest common factor of 17083 and 605?
11
What is the greatest common divisor of 279 and 81933?
93
What is the highest common divisor of 38520 and 4?
4
Calculate the highest common factor of 3440 and 1540.
20
Calculate the greatest common factor of 14599 and 2418.
13
What is the highest common divisor of 67337 and 1165?
233
What is the greatest common factor of 1280 and 1581824?
256
Calculate the greatest common factor of 56862 and 1898.
26
What is the greatest common divisor of 8502 and 60606?
78
Calculate the highest common divisor of 305991 and 2079.
189
Calculate the greatest common factor of 5153 and 11.
1
Calculate the highest common divisor of 338 and 148330.
26
What is the greatest common divisor of 62596 and 32?
4
Calculate the greatest common divisor of 252 and 37786.
14
Calculate the highest common factor of 5505 and 742074.
1101
What is the highest common factor of 95454 and 36?
18
Calculate the greatest common divisor of 7273 and 63.
7
What is the greatest common factor of 52173 and 8432?
527
Calculate the highest common divisor of 3483 and 144.
9
What is the highest common divisor of 198 and 1697553?
99
What is the highest common divisor of 7738 and 2774?
146
Calculate the highest common divisor of 784107 and 257.
257
Calculate the highest common divisor of 3747 and 417.
3
What is the greatest common factor of 276 and 436848?
12
Calculate the highest common factor of 10 and 612915.
5
Calculate the highest common divisor of 215040 and 20.
20
What is the highest common factor of 315 and 161901?
9
What is the highest common factor of 654 and 6976?
218
Calculate the highest common factor of 387261 and 1701.
567
What is the highest common divisor of 2082894 and 38?
38
Calculate the highest common factor of 31323 and 1908.
159
Calculate the highest common factor of 13 and 3328.
13
Calculate the greatest common factor of 110 and 217734.
22
What is the greatest common factor of 442719 and 27?
27
Calculate the highest common factor of 8 and 11981784.
8
Calculate the greatest common factor of 8257 and 391.
23
What is the greatest common divisor of 124 and 11680?
4
Calculate the highest common divisor of 8770 and 20.
10
Calculate the highest common divisor of 6 and 6978.
6
What is the greatest common factor of 570 and 970?
10
Calculate the highest common factor of 651 and 320075.
217
Calculate the highest common factor of 18852 and 2164.
4
What is the highest common factor of 5572 and 133?
7
Calculate the highest common factor of 652 and 1653146.
326
What is the highest common factor of 290 and 2430?
10
What is the greatest common factor of 255416 and 392?
56
What is the highest common divisor of 784 and 12642?
98
Calculate the highest common factor of 4 and 1091848.
4
Calculate the highest common factor of 796 and 628.
4
What is the greatest common factor of 574 and 23170?
14
What is the greatest common divisor of 6246 and 432?
18
What is the highest common factor of 36 and 40644?
36
Calculate the greatest common divisor of 62 and 1219571.
31
What is the highest common factor of 8940 and 84?
12
Calculate the greatest common factor of 378 and 7236.
54
What is the greatest common divisor of 1286040 and 7?
7
What is the highest common factor of 303 and 203818?
101
Calculate the highest common divisor of 216 and 26217.
27
What is the greatest common factor of 377 and 696?
29
Calculate the highest common divisor of 23150 and 26854.
926
Calculate the highest common divisor of 4120 and 35535.
515
Calculate the highest common divisor of 124509 and 28875.
231
What is the highest common divisor of 269692 and 14516?
764
Calculate the highest common divisor of 59006 and 163.
163
Calculate the highest common factor of 464 and 787408.
464
Calculate the highest common factor of 4679479 and 327.
109
What is the highest common divisor of 1242 and 98145?
27
Calculate the highest common factor of 26955 and 135.
45
What is the highest common divisor of 200 and 33040?
40
What is the highest common factor of 292 and 25148?
4
What is the greatest common factor of 2758 and 92590?
394
Calculate the highest common divisor of 88 and 302456.
88
Calculate the greatest common divisor of 59796 and 34126.
302
Calculate the highest common divisor of 17350 and 22.
2
Calculate the greatest common factor of 663 and 26325.
39
Calculate the highest common factor of 168 and 63528.
24
Calculate the highest common factor of 436 and 232.
4
Calculate the greatest common divisor of 1045 and 20482.
209
What is the greatest common divisor of 72819 and 464?
29
What is the great